- 5/r. What is the highest common divisor of 495 and j?
55
Let j be -3 + -50 + 8/4. Suppose -4*k - 245 = 5*z + 33, 2*k = 3*z + 158. Let p = j - z. Calculate the greatest common factor of p and 27.
3
Let g be (-3)/(2280/255 - 9). What is the highest common divisor of g and 1275?
51
Let k be -3*6*16/(-9). Calculate the highest common divisor of 164 and k.
4
Suppose 310*t - 37164 + 18178 = 273964. What is the greatest common divisor of t and 3375?
135
Let k = -456 - -477. Suppose 1 + k = 22*f. Calculate the greatest common divisor of 5 and f.
1
Let r(z) = -z**3 - 17*z**2 - 17*z - 258. Let v be r(-17). What is the highest common divisor of v and 7781?
31
Suppose 4*c = -3*g + 57, c - 3 - 3 = 2*g. Let x = -8 + 13. Suppose -2*j = x*a - 7*j - 475, j - 97 = -a. What is the highest common factor of c and a?
12
Suppose 28 = h + 4*z, -4*z - 8 = -4*h + 44. Let k be 35/1 - (3 - h/(-8)). Calculate the greatest common divisor of 60 and k.
30
Let y(a) = -437*a - 3433. Let o be y(-8). What is the greatest common divisor of 1561 and o?
7
Let g(v) = -v**3 + 22*v**2 + 145*v - 180. Let k be g(27). Calculate the greatest common divisor of k and 882.
18
Suppose 5*g + 9*v = 11*v + 3, 5 = 2*g + 3*v. Let t be (4*-55)/((4 + g)/(-5)). Let f be 1214/22 + (-4)/22. What is the greatest common factor of t and f?
55
Suppose -6*i = 36 - 306. Let z = 99 + i. What is the highest common divisor of z and 16?
16
Let k be 7 - (-3 + 528/54) - (-7567)/9. What is the highest common factor of 87 and k?
29
Suppose -14*v + 3*y - 87 = -19*v, 31 = v + 4*y. Let t be (-60)/2*(-7)/21. What is the greatest common divisor of v and t?
5
Let w = -7206 - -7624. What is the greatest common divisor of 342 and w?
38
Suppose 4*s = 5*s - 80. Suppose 0*v + 16*v - s = 0. Suppose -9*c + v*c = -16. Calculate the highest common divisor of c and 1.
1
Suppose s = -5*q + 460, -2*s + 390 = 2*q - 490. What is the highest common factor of 6 and s?
3
Let t be 240/28 + ((-2752)/112 - -15 - -10). Suppose 0 = 4*f - 97 + 13. What is the greatest common factor of f and t?
3
Let l(v) = -96*v**3 - 2*v**2 + 1. Let g be l(-1). Let z = 877 + -526. Let b = z + -332. Calculate the greatest common factor of g and b.
19
Suppose -3*i + 4*i - 2920 = 0. Suppose -o - i = -4*t, -2177 = -0*t - 3*t + 4*o. Calculate the highest common factor of 43 and t.
43
Suppose -54*o + 15528 = -4992. What is the highest common divisor of o and 230?
10
Let b(z) = 37*z - 2119. Let c be b(104). Calculate the greatest common factor of 76 and c.
19
Suppose 6 = 3*z, -4*r + 3*z = -222 - 76. Let g(p) = 76*p**3 - 4*p**2 + p + 3. Let y be g(1). What is the greatest common factor of r and y?
76
Suppose 4*c = -5*i - 3, c + 3*i + 0*i + 6 = 0. Suppose -1005 = -c*j - 6. What is the highest common factor of 37 and j?
37
Let y be (0 - 1) + -7 + 19. Suppose -29*v = -32*v + 15. Suppose 0 = 3*x + 2*g - 142, 0 = v*x - 0*g + 3*g - 235. Calculate the highest common factor of x and y.
11
Let b be 2 + 24/(-9) - (-28)/6. Suppose 5*r - b*r = 0. Suppose -3*y + 4*y - 105 = r. What is the greatest common factor of y and 21?
21
Let u be 21/3 + 96/(-22 + 10). Let n be (-2)/(-4 - -2 - 0). Let m be 2 + (n - u)/2. What is the greatest common factor of 33 and m?
3
Let l(j) = 5*j + 76. Let s be l(-14). Let b(m) = 11*m**2 + 26*m - 8. Let n be b(s). What is the greatest common divisor of n and 17?
17
Let u be 1515 - ((-1188)/154 + 63/(-49)). Calculate the greatest common factor of 204 and u.
12
Suppose -660 = -4*j + p, -5*p = 298*j - 296*j - 330. Calculate the greatest common factor of 473 and j.
11
Let d(h) = -h + 8. Let g be d(8). Suppose j + 51 = 3*r - 0*r, r - 3*j - 9 = g. Suppose r - 60 = -3*n. Calculate the highest common factor of 4 and n.
2
Let i(l) = 379*l**2 + 630*l - 2512. Let t be i(4). What is the greatest common divisor of t and 198?
66
Let g be (-518)/(-6) - 4/(-6). Let y = -112674 + 112680. Calculate the greatest common divisor of g and y.
3
Let f = -1941 + 1953. Calculate the greatest common factor of 1536 and f.
12
Suppose 2*o - 21 = -3*f, -49 = -3*o + 2*f - 3*f. Suppose 0 = 23*u - 4097 - 1492. Let w be u/o - (-1)/2. Calculate the highest common factor of 112 and w.
14
Let h(v) = -v**2 - 20*v + 46. Let i be h(8). Let m = i + 206. Let l = 4 - 0. Calculate the greatest common divisor of m and l.
4
Let i = 312 - 60. Let o be 7 + -5 + 12 - 4620/(-66). Calculate the greatest common divisor of i and o.
84
Let d = -701 + -200. Let v = -361 - d. Calculate the greatest common divisor of 60 and v.
60
Let q = 269 - -111. Calculate the highest common divisor of 260 and q.
20
Suppose 46*y = -41*y + 35235. What is the greatest common factor of 435 and y?
15
Let t be (12/18)/2 + (-2130)/(-9). Suppose -241*i + t*i = -88. What is the greatest common divisor of 33 and i?
11
Let r be 690/(-1 - -4)*7/14. Calculate the greatest common divisor of r and 667.
23
Let m be (-146 - -2)/8 + 9 - -548. What is the highest common factor of m and 49?
49
Let v = 284 + -185. Let y = -904 + 509. Let t = 406 + y. What is the greatest common divisor of t and v?
11
Suppose 19 = 4*p - 3*q, -3*p + 4*p - q = 6. Let t(w) = 86*w + 5183. Let x be t(-60). What is the highest common factor of x and p?
1
Let y be (-18)/4*(15/(-18))/(7/112). What is the greatest common divisor of y and 1875?
15
Suppose -7552 = -2*k - 5*w, 2*k - 10001 = -w - 2441. Calculate the highest common divisor of 19 and k.
19
Suppose -205 = h + 137. Let g = h + 601. What is the highest common factor of 37 and g?
37
Let d = -5144 - -5188. Calculate the greatest common factor of 3718 and d.
22
Suppose 10*p - 140 = 3*p. Suppose 4*u - p = 3*s, 5*u - 4*s + 1 = 26. What is the highest common divisor of 155 and u?
5
Suppose 0 = 5*p - 2*d - 93882 - 34160, -p + 5*d = -25636. What is the highest common divisor of p and 31?
31
Let r(k) = -2*k**2 - 2*k + 1. Let j be r(-2). Let a = -2 - j. Let s = 286021 + -286008. Calculate the highest common factor of a and s.
1
Suppose 6 = 4*f - 158. Suppose 323*r + 251*r + 249*r + 20910 = 925*r. What is the highest common divisor of r and f?
41
Suppose 147259 = 78*j + 53052 - 270833. What is the highest common divisor of j and 455?
65
Let p(g) = g**2 + 13*g + 3. Let u be p(-13). Let w(t) = 41*t - 19. Let d be w(u). Let m = 312 - d. What is the highest common divisor of m and 26?
26
Let u be (-109 + -1)*14/(84/9). Let j = u + 175. Calculate the highest common divisor of j and 10.
10
Let y(n) = -8*n + 45. Let i be y(5). Suppose 4 = p + 4*h, i*p + 4*h = 5*h + 20. What is the greatest common divisor of 9 and p?
1
Suppose 15*c - 2408 = -1480 + 4487. What is the highest common divisor of c and 114?
19
Let x be (4/(-6) - -1)/((-15)/(-135)). Let i be (-6 + 5)*-349 + x. Calculate the highest common factor of 11 and i.
11
Let d be (6/9 + 33/(-9))*-1. Suppose y - 5 = d*t + 17, -5*y - 3*t = -200. What is the highest common divisor of 333 and y?
37
Let d = 3153 + -3133. What is the highest common factor of 18040 and d?
20
Suppose -87*m = -22344 + 9381. Calculate the greatest common factor of m and 10132.
149
Let j(u) = 2*u**2 + 7*u + 7. Let k be j(-4). Suppose -8 = 4*r + 8. Let y be (-3)/6*(r + -194). What is the highest common factor of y and k?
11
Suppose 18*q = 2*a + 21*q - 2369, -20 = -4*q. Calculate the greatest common factor of 11 and a.
11
Let o be (-6)/7*(-33 + -2). Let m(d) = -d**3 + 10*d**2 - 8*d + 6. Let f be m(9). Calculate the greatest common factor of o and f.
15
Let n be (-13)/(-78) + (-2)/((-12)/4031). Let w be (-2 + 5)/((-9)/(-63)). What is the greatest common divisor of n and w?
21
Let k(y) = 85*y + 832. Let m be k(2). What is the greatest common divisor of m and 42?
6
Let q = 11849 - 11639. What is the highest common factor of q and 870?
30
Let g = 62 - 45. Let m(a) = a**3 + 14*a**2 + 11*a + 8. Suppose 15 - 2 = -k. Let i be m(k). Calculate the highest common factor of i and g.
17
Suppose 24*h + x = 28*h - x - 136, 4*x = 0. Calculate the greatest common divisor of 3349 and h.
17
Let n be 24 - (122/183)/(4/30). Let y = -382 + 686. Calculate the highest common factor of y and n.
19
Let c(o) = 2*o**3 - 4*o**2 + 4*o - 3. Let x be c(2). Let w be (-399)/(-6) - x/(-10). Let j = -32 + w. What is the greatest common divisor of j and 14?
7
Suppose 100*n - 53260 = 55760 + 32280. Calculate the greatest common divisor of n 